496/4735)/(-1*4/(-130)). What is the greatest common divisor of x and 736?
184
Let p(y) = 12*y**2 + 584*y - 66. Let o be p(-66). What is the highest common divisor of 18 and o?
18
Suppose -2722*m + 2796*m - 8658 = 0. Calculate the highest common divisor of 69 and m.
3
Let h(k) be the first derivative of -k**3/3 - 15*k**2/2 - 5*k - 2. Let m be h(-14). Suppose 4*j = 70 + 110. What is the greatest common factor of j and m?
9
Suppose 10*h = 7*h + 312. Let b be -2 + h/(1 - -1). Let x be (90/b)/(6/20). Calculate the greatest common divisor of x and 66.
6
Let x = -21 - -7. Let p be (-2739)/(-21) + 6/x. Suppose 5*g - p + 35 = 0. What is the highest common divisor of g and 76?
19
Let w(s) = 7*s**2 - 41*s - 22. Let i be w(7). What is the greatest common factor of 6953 and i?
17
Suppose -5*p = 5*p + p - 22. Calculate the highest common divisor of 7 and p.
1
Let q = 8323 + -8263. Let x be -2 - (-5 - -1)*13. What is the greatest common divisor of x and q?
10
Let d(n) = n**3 + 2*n**2 - 8*n - 10. Let q be d(-5). Let m be q/2*(3 - -5)*-4. Suppose -m = -14*w + 6*w. Calculate the greatest common factor of 15 and w.
15
Let s(j) = -3*j**3 - 144*j**2 - 14*j - 176. Let z be s(-48). What is the highest common divisor of 1136 and z?
16
Let k(v) = 3*v + 26. Let c be k(9). Let j(u) = 2*u**3 - 23*u**2 + 27*u + 36. Let r be j(11). Calculate the greatest common divisor of r and c.
53
Let p(a) = -12*a - 22. Let t be p(11). Let q = t - -168. Suppose -y + 477 = 2*g, -g + 5*y = 2*g - 709. Calculate the highest common divisor of q and g.
14
Let w(d) = d**2 - 5*d - 6. Let i be w(-4). Suppose -3*q + 672 = 582. Calculate the highest common factor of i and q.
30
Let z be (-6)/(-8) + (-258)/(-8). Let d = -5 + z. Suppose 40*y = 229 - 69. What is the highest common factor of d and y?
4
Let n(k) = -148*k - 140*k - 86 - 172*k + 414*k. Let c be n(-5). What is the highest common divisor of 32 and c?
16
Let s(q) = 7*q**3 + 75*q - 53. Let n be s(7). Calculate the highest common divisor of n and 34.
17
Let c = 3818 + -2342. What is the greatest common divisor of c and 48?
12
Let l = 592 - 571. Calculate the highest common factor of 25 and l.
1
Let z(l) = -l - 10. Let w be 235/20 + 3 - 3/4. Let h be z(w). Let r = -21 - h. What is the highest common divisor of r and 6?
3
Suppose 0*m = -m + 248. Suppose 0 = -23*z + 38*z - 465. Calculate the highest common divisor of z and m.
31
Let w be (-4)/(-10) - (-143)/55. Suppose -d + 4*z = -1 + w, -5*z - 2 = d. Let h = 39 - d. Calculate the highest common factor of h and 369.
41
Suppose 187*v + 12535 = 192*v. Calculate the greatest common divisor of 69 and v.
23
Let y = 4499 + -4487. Calculate the greatest common factor of y and 138.
6
Let u = 155 - 59. Let f = -49 + 88. Suppose -f*n + 128 = -37*n. What is the greatest common factor of n and u?
32
Let a(p) = p**2 - 7*p + 8. Let h be a(5). Let o be -33*(-2)/h + 1. Let j = 37 + o. Calculate the greatest common factor of j and 45.
5
Suppose 3*d + 3*m = 123, 2*d - 4*m + 3*m = 73. What is the greatest common factor of d and 2375?
19
Suppose 4*w = 5*k - 6*k + 18, -4*k + 5*w = 12. Suppose 5*b + 2*m = -k*m + 674, 2*b - 296 = 5*m. Calculate the highest common divisor of b and 230.
46
Let x(m) = 2*m - 34. Let p be x(18). Suppose f - 3 = -p. Suppose 0 = 25*t + 56 - 456. Calculate the greatest common divisor of t and f.
1
Let k(b) = -29*b - 888. Let z be k(-31). What is the greatest common divisor of z and 5?
1
Suppose 4*u - 16 = 23*a - 25*a, 4*a + 4*u - 12 = 0. Let z be 9/(-4)*a*(-46)/(-69). What is the greatest common divisor of z and 159?
3
Suppose -16*f = 12*f + 285096. Let i be 10/(-25) + (f/(-30) - 3). What is the greatest common divisor of 144 and i?
48
Let c be ((-4)/(-3))/((-2)/57). Let f = c + 65. Suppose -f = -o + 4*z, 4 - 35 = -3*o + 2*z. Calculate the greatest common factor of 28 and o.
7
Let z(p) = -102*p - 5882. Let t be z(-58). What is the highest common factor of 25262 and t?
34
Let u be (-13)/(130/20) + 5. Calculate the greatest common divisor of 3459 and u.
3
Let s be 60/270 - 1202/(-18). What is the greatest common divisor of 24991 and s?
67
Let y = -32 + 14. Let t be 12/(3*(y/20 - -1)). Suppose 0 = f + 7*f - t. Calculate the greatest common factor of f and 2.
1
Let y = 4239 + -4201. What is the greatest common divisor of 627 and y?
19
Suppose 15*u = 804 - 129. Suppose -23*g + 26*g - u = 0. Calculate the highest common divisor of 90 and g.
15
Suppose u = -v + 4*u + 15, -3*u - 12 = 0. Suppose v*y = -y + 420. Calculate the greatest common divisor of 42 and y.
21
Let o = -112 - -150. Suppose 2*m = -4*y - 106, -2*m + 97 = -3*y - 0*m. Let p = o + y. Calculate the greatest common divisor of p and 99.
9
Let r be (2/(-21)*-27)/(5/1995). What is the greatest common factor of r and 270?
54
Suppose -5*j + 1575 = 3*b, -2*b + 945 = 4*j - j. Let r = 1448 - 999. Let d = 484 - r. Calculate the highest common factor of j and d.
35
Suppose 0 = 24*t + 38*t - 111 - 1377. Let u(i) = 3*i**3 + 3*i**2 + 3*i + 3. Let h be u(3). What is the highest common factor of t and h?
24
Let f be 443/9 + 20/(-90). Suppose 0 = -5*q + 2*d + 239, d + 6 = q - 40. Calculate the greatest common divisor of q and f.
49
Let s(k) = k**3 - 6*k**2 + 2*k - 10. Let w be s(6). Let f(l) = l - 3*l - w*l - 4 + 10*l. Let x be f(4). What is the greatest common divisor of 5 and x?
5
Let h be 3/15 - (-19)/5. Suppose h*v = -f + 27, 21 + 4 = 5*v. Suppose 1 + f = 8*k. What is the highest common divisor of 9 and k?
1
Let x(j) = -7*j - 54. Let y be x(-15). Let b = -32 + y. What is the greatest common factor of 171 and b?
19
Let h be ((-28)/21 + -2)*(-3)/2. Suppose -3*u = h - 29. Calculate the greatest common factor of u and 256.
8
Suppose 0 = -4*t + 3*t - 284. Let r = t - -318. What is the highest common factor of r and 85?
17
Let o = -1282 - -1312. Let a = 5 - 3. Suppose -d + 5*z = -4*d + 220, -a*d = z - 149. What is the greatest common divisor of d and o?
15
Let s be (-122544)/(-24)*(-3)/(-18). What is the greatest common divisor of s and 37?
37
Suppose -5*r - 809 = -314. Let x be 6/22 - 33138/r. What is the greatest common factor of 67 and x?
67
Let w(o) be the second derivative of -o**4/12 - o**3/2 + 33*o**2/2 + 305*o. Let t = 10 - 16. Let j be w(t). Calculate the greatest common divisor of 20 and j.
5
Suppose -28*z = -253721 + 92693. What is the highest common divisor of 142 and z?
71
Let o be (8 - 7)*(2 - 3). Let k be (-5)/(o/6*3). Calculate the greatest common divisor of 290 and k.
10
Let w = -6 - -10. Let n = -2 + w. Suppose n*a = 4*y + a - 109, 15 = -3*a. Calculate the greatest common divisor of 78 and y.
26
Let q = 4720 + -4280. What is the greatest common factor of q and 1045?
55
Suppose 16 + 22 = 19*j. Suppose j*t = -t - k + 27, 5*k + 45 = 5*t. What is the greatest common divisor of 144 and t?
9
Suppose -424 = -5*h + i, -195*i + 193*i + 412 = 5*h. Suppose b + b = 5*x - 52, 2*x - 32 = -2*b. Calculate the highest common factor of x and h.
12
Let c(k) = -k - 1. Let i be c(-11). Suppose -8 = -4*g, -i*g + 8*g - 356 = -2*u. Calculate the highest common divisor of u and 36.
36
Suppose 141 = 4*f - 187. Let n = f + -62. Calculate the greatest common divisor of 28 and n.
4
Let s(t) = 25*t - 131. Let y be s(8). Calculate the greatest common factor of 92 and y.
23
Let a = 270 + -270. Suppose 2*t = -3*q + 122, -4*t - 5*q + 390 - 142 = a. Calculate the greatest common divisor of t and 469.
67
Suppose 12*j = 15*j + 3, -2*l + 2*j = -2238. Calculate the greatest common factor of 516 and l.
86
Let w(l) = -32*l**2 + 1. Let y be w(1). Let r = y + 45. Calculate the highest common divisor of r and 112.
14
Let n be (-84)/756 + (-10445)/(-45). Calculate the greatest common divisor of 8 and n.
8
Let p(z) = z**3 - 8*z**2 + z - 8. Let b be p(8). Let h = 32 - b. Let i = 33 - -47. Calculate the greatest common factor of i and h.
16
Suppose 10 = 2*n - 72. Suppose -8 = -2*s + 12. Let z = s + n. What is the greatest common divisor of z and 68?
17
Let u(x) = x**2 - 4*x - 6. Let n be u(-6). Let w be 6/(-9) - ((-537)/9 + -7). Let s = w - n. What is the highest common divisor of 6 and s?
6
Let j(w) be the third derivative of -w**5/60 - 13*w**4/24 - 31*w**3/6 + 96*w**2. Let a be j(-8). What is the greatest common factor of a and 27?
9
Let v = -1791 + 1831. Suppose 48 = -4*h + 3*